 by 32.
16
What is the remainder when 126080 is divided by 172?
4
What is the remainder when 12233 is divided by 78?
65
What is the remainder when 33596 is divided by 28?
24
Calculate the remainder when 78430 is divided by 7128.
22
What is the remainder when 40608 is divided by 204?
12
What is the remainder when 105487 is divided by 7534?
11
What is the remainder when 1609 is divided by 304?
89
What is the remainder when 704618 is divided by 9?
8
Calculate the remainder when 42102 is divided by 279.
252
What is the remainder when 340 is divided by 38?
36
What is the remainder when 50332 is divided by 740?
12
Calculate the remainder when 2809 is divided by 670.
129
What is the remainder when 26595 is divided by 26?
23
Calculate the remainder when 17919 is divided by 59.
42
Calculate the remainder when 5877 is divided by 21.
18
What is the remainder when 10068 is divided by 319?
179
Calculate the remainder when 901 is divided by 290.
31
Calculate the remainder when 5521 is divided by 163.
142
Calculate the remainder when 1597 is divided by 719.
159
What is the remainder when 7655 is divided by 159?
23
Calculate the remainder when 29421 is divided by 7324.
125
Calculate the remainder when 15845 is divided by 26.
11
Calculate the remainder when 68855 is divided by 1564.
39
Calculate the remainder when 4047 is divided by 175.
22
Calculate the remainder when 2954 is divided by 56.
42
What is the remainder when 1515 is divided by 1118?
397
What is the remainder when 40359 is divided by 13451?
6
What is the remainder when 1860 is divided by 930?
0
Calculate the remainder when 321703 is divided by 154.
151
What is the remainder when 3437 is divided by 7?
0
What is the remainder when 57257 is divided by 9541?
11
What is the remainder when 2548 is divided by 610?
108
Calculate the remainder when 6826 is divided by 483.
64
Calculate the remainder when 506 is divided by 34.
30
Calculate the remainder when 624 is divided by 197.
33
What is the remainder when 18051 is divided by 17?
14
What is the remainder when 14719 is divided by 6?
1
What is the remainder when 72893 is divided by 152?
85
What is the remainder when 110935 is divided by 15846?
13
What is the remainder when 59548 is divided by 304?
268
Calculate the remainder when 646 is divided by 537.
109
What is the remainder when 1565381 is divided by 273?
272
Calculate the remainder when 424937 is divided by 19315.
7
Calculate the remainder when 18181 is divided by 1454.
733
What is the remainder when 4618 is divided by 396?
262
What is the remainder when 4737 is divided by 828?
597
What is the remainder when 107817 is divided by 22?
17
What is the remainder when 36586 is divided by 1231?
887
Calculate the remainder when 87278 is divided by 52.
22
What is the remainder when 93798 is divided by 75?
48
What is the remainder when 331114 is divided by 82?
80
What is the remainder when 4690 is divided by 36?
10
Calculate the remainder when 1009502 is divided by 51.
8
What is the remainder when 7995 is divided by 27?
3
What is the remainder when 212 is divided by 64?
20
What is the remainder when 2187 is divided by 2116?
71
What is the remainder when 34110 is divided by 102?
42
Calculate the remainder when 4377 is divided by 1069.
101
Calculate the remainder when 1557 is divided by 376.
53
Calculate the remainder when 9636 is divided by 2402.
28
Calculate the remainder when 42050 is divided by 72.
2
Calculate the remainder when 43018 is divided by 14339.
1
Calculate the remainder when 43961 is divided by 43956.
5
What is the remainder when 7440 is divided by 1215?
150
Calculate the remainder when 3338168 is divided by 17.
14
Calculate the remainder when 3718 is divided by 3671.
47
Calculate the remainder when 387844 is divided by 1804.
1788
Calculate the remainder when 53722 is divided by 132.
130
What is the remainder when 2541 is divided by 573?
249
What is the remainder when 15152 is divided by 15133?
19
What is the remainder when 12619 is divided by 231?
145
What is the remainder when 31122 is divided by 251?
249
What is the remainder when 4988 is divided by 36?
20
Calculate the remainder when 3836 is divided by 260.
196
What is the remainder when 4673 is divided by 42?
11
Calculate the remainder when 21512 is divided by 478.
2
What is the remainder when 7285 is divided by 39?
31
Calculate the remainder when 88270 is divided by 101.
97
What is the remainder when 80307 is divided by 402?
309
What is the remainder when 18861 is divided by 4710?
21
Calculate the remainder when 23493 is divided by 2133.
30
What is the remainder when 1227 is divided by 77?
72
What is the remainder when 11730 is divided by 5844?
42
What is the remainder when 634817 is divided by 33?
29
Calculate the remainder when 6438 is divided by 918.
12
What is the remainder when 91777 is divided by 18355?
2
Calculate the remainder when 7928290 is divided by 244.
242
Calculate the remainder when 1385875 is divided by 15.
10
Calculate the remainder when 22660 is divided by 107.
83
What is the remainder when 14847 is divided by 8?
7
Calculate the remainder when 77848 is divided by 90.
88
What is the remainder when 23124 is divided by 300?
24
What is the remainder when 50265 is divided by 434?
355
Calculate the remainder when 146137 is divided by 61.
42
What is the remainder when 6539 is divided by 159?
20
What is the remainder when 50328 is divided by 25156?
16
What is the remainder when 11947 is divided by 61?
52
Calculate the remainder when 203559 is divided by 280.
279
What is the remainder when 208173 is divided by 20?
13
What is the remainder when 1983 is divided by 1974?
9
What is the remainder when 365547 is divided by 807?
783
What is the remainder when 12583 is divided by 523?
31
What is the remainder when 25395 is divided by 2538?
15
What is the remainder when 1117 is divided by 538?
41
What is the remainder when 3048 is divided by 2423?
625
What is the remainder when 990 is divided by 292?
114
What is the remainder when 6439 is divided by 2814?
811
Calculate the remainder when 167 is divided by 86.
81
What is the remainder when 232107 is divided by 33?
18
What is the remainder when 6626 is divided by 1095?
56
What is the remainder when 125980 is divided by 9?
7
Calculate the remainder when 25406 is divided by 231.
227
What is the remainder when 2837951 is divided by 14?
11
Calculate the remainder when 258919 is divided by 139.
101
What is the remainder when 30538 is divided by 94?
82
Calculate the remainder when 32569 is divided by 49.
33
Calculate the remainder when 3593 is divided by 1188.
29
Calculate the remainder when 94 is divided by 80.
14
Calculate the remainder when 4790 is divided by 535.
510
What is the remainder when 1716 is divided by 503?
207
What is the remainder when 7866 is divided by 49?
26
Calculate the remainder when 578 is divided by 60.
38
What is the remainder when 1689 is divided by 56?
9
What is the remainder when 163043 is divided by 1?
0
Calculate the remainder when 11010 is divided by 3.
0
Calculate the remainder when 5855781 is divided by 12.
9
What is the remainder when 143050 is divided by 5298?
4
What is the remainder when 921 is divided by 7?
4
Calculate the remainder when 39417 is divided by 46.
41
What is the remainder when 34365 is divided by 491?
486
What is the remainder when 120945 is divided by 91?
6
What is the remainder when 855 is divided by 790?
65
Calculate the remainder when 216189 is divided by 16.
13
What is the remainder when 3574 is divided by 81?
10
Calculate the remainder when 213 is divided by 167.
46
What is the remainder when 13355 is divided by 361?
359
What is the remainder when 90192 is divided by 303?
201
Calculate the remainder when 161992 is divided by 50.
42
Calculate the remainder when 171094 is divided by 24.
22
Calculate the remainder when 16257 is divided by 319.
307
What is the remainder when 286 is divided by 99?
88
Calculate the remainder when 59167 is divided by 10.
7
Calculate the remainder when 105192 is divided by 14.
10
What is the remainder when 60019 is divided by 172?
163
What is the remainder when 1458 is divided by 46?
32
What is the remainder when 15484 is divided by 10?
4
Calculate the remainder when 261583 is divided by 26.
23
Calculate the remai